{"id":43,"date":"2015-06-30T12:52:40","date_gmt":"2015-06-30T12:52:40","guid":{"rendered":"https:\/\/condominialcampinas.com.br\/?page_id=43"},"modified":"2015-08-04T16:39:00","modified_gmt":"2015-08-04T16:39:00","slug":"noticias","status":"publish","type":"page","link":"https:\/\/condominialcampinas.com.br\/?page_id=43","title":{"rendered":"NOT\u00cdCIAS"},"content":{"rendered":"<div id=\"products-125860\" class=\"product_holder clearfix  \"><div class=\"product_boxes\" data-rt-animation-group=\"group\"><div class=\"row clearfix  with_borders fluid\"><div class=\"box four  first first-row  \"><div class=\"product_item_holder\" data-rt-animate=\"animate\" data-rt-animation-type=\"fadeIn\">\n\n\n\t\t\t\t\t\n\t<div class=\"product_info\">\n\n\t\t\t\t<!-- title-->\n\t\t<h4><a href=\"https:\/\/condominialcampinas.com.br\/?products=novos-moradores\" title=\"Novos moradores\" rel=\"bookmark\">Novos moradores<\/a><\/h4>\n\t\t\n\t\t<!-- text-->\n\t\t\n\t\t \n\n\t<\/div>\n\t<\/div><\/div>\n<div class=\"box four  first-row  \"><div class=\"product_item_holder\" data-rt-animate=\"animate\" data-rt-animation-type=\"fadeIn\">\n\n\n\t\t\t\t\t\n\t<div class=\"product_info\">\n\n\t\t\t\t<!-- title-->\n\t\t<h4><a href=\"https:\/\/condominialcampinas.com.br\/?products=teste-3\" title=\"Norma de ru\u00eddos para habita\u00e7\u00e3o come\u00e7a a vigorar em maio\" rel=\"bookmark\">Norma de ru\u00eddos para habita\u00e7\u00e3o come\u00e7a a vigorar em maio<\/a><\/h4>\n\t\t\n\t\t<!-- text-->\n\t\t\n\t\t \n\n\t<\/div>\n\t<\/div><\/div>\n<div class=\"box four  first-row  \"><div class=\"product_item_holder\" data-rt-animate=\"animate\" data-rt-animation-type=\"fadeIn\">\n\n\n\t\t\t\t\t\n\t<div class=\"product_info\">\n\n\t\t\t\t<!-- title-->\n\t\t<h4><a href=\"https:\/\/condominialcampinas.com.br\/?products=teste-2\" title=\"Reciclagem Dom\u00e9stica em Condom\u00ednios\" rel=\"bookmark\">Reciclagem Dom\u00e9stica em Condom\u00ednios<\/a><\/h4>\n\t\t\n\t\t<!-- text-->\n\t\t\n\t\t \n\n\t<\/div>\n\t<\/div><\/div>\n<div class=\"box four  last first-row  \"><div class=\"product_item_holder\" data-rt-animate=\"animate\" data-rt-animation-type=\"fadeIn\">\n\n\n\t\t\t\t\t\n\t<div class=\"product_info\">\n\n\t\t\t\t<!-- title-->\n\t\t<h4><a href=\"https:\/\/condominialcampinas.com.br\/?products=teste\" title=\"Pr\u00e9dio novo precisa de aten\u00e7\u00e3o\" rel=\"bookmark\">Pr\u00e9dio novo precisa de aten\u00e7\u00e3o<\/a><\/h4>\n\t\t\n\t\t<!-- text-->\n\t\t\n\t\t \n\n\t<\/div>\n\t<\/div><\/div>\n<\/div><div class=\"row clearfix  with_borders fluid\"><div class=\"box four  first last  last-row \"><div class=\"product_item_holder\" data-rt-animate=\"animate\" data-rt-animation-type=\"fadeIn\">\n\n\n\t\t\t\t\t\n\t<div class=\"product_info\">\n\n\t\t\t\t<!-- title-->\n\t\t<h4><a href=\"https:\/\/condominialcampinas.com.br\/?products=ttttttt\" title=\"Saiba como evitar multas em condom\u00ednios\" rel=\"bookmark\">Saiba como evitar multas em condom\u00ednios<\/a><\/h4>\n\t\t\n\t\t<!-- text-->\n\t\t\n\t\t \n\n\t<\/div>\n\t<\/div><\/div>\n<\/div><\/div><\/div>\n<p>&nbsp;<\/p>\n","protected":false},"excerpt":{"rendered":"<p>&nbsp;<\/p>\n","protected":false},"author":1,"featured_media":0,"parent":0,"menu_order":0,"comment_status":"open","ping_status":"open","template":"","meta":{"footnotes":""},"class_list":["post-43","page","type-page","status-publish","hentry"],"_links":{"self":[{"href":"https:\/\/condominialcampinas.com.br\/index.php?rest_route=\/wp\/v2\/pages\/43","targetHints":{"allow":["GET"]}}],"collection":[{"href":"https:\/\/condominialcampinas.com.br\/index.php?rest_route=\/wp\/v2\/pages"}],"about":[{"href":"https:\/\/condominialcampinas.com.br\/index.php?rest_route=\/wp\/v2\/types\/page"}],"author":[{"embeddable":true,"href":"https:\/\/condominialcampinas.com.br\/index.php?rest_route=\/wp\/v2\/users\/1"}],"replies":[{"embeddable":true,"href":"https:\/\/condominialcampinas.com.br\/index.php?rest_route=%2Fwp%2Fv2%2Fcomments&post=43"}],"version-history":[{"count":6,"href":"https:\/\/condominialcampinas.com.br\/index.php?rest_route=\/wp\/v2\/pages\/43\/revisions"}],"predecessor-version":[{"id":297,"href":"https:\/\/condominialcampinas.com.br\/index.php?rest_route=\/wp\/v2\/pages\/43\/revisions\/297"}],"wp:attachment":[{"href":"https:\/\/condominialcampinas.com.br\/index.php?rest_route=%2Fwp%2Fv2%2Fmedia&parent=43"}],"curies":[{"name":"wp","href":"https:\/\/api.w.org\/{rel}","templated":true}]}}